{"id":3276,"date":"2023-03-25T20:16:30","date_gmt":"2023-03-25T20:16:30","guid":{"rendered":"https:\/\/protecingenieria.cl\/?page_id=3276"},"modified":"2023-03-25T20:16:30","modified_gmt":"2023-03-25T20:16:30","slug":"using-a-research-paper-service-for-your-dissertation","status":"publish","type":"page","link":"https:\/\/protecingenieria.cl\/index.php\/using-a-research-paper-service-for-your-dissertation\/","title":{"rendered":"Using a Research Paper Service For Your Dissertation"},"content":{"rendered":"<\/p>\n<p>There&#8217;s not any denying the fact that research paper service is an important aspect of modern-day academic life. In fact, there are many students who would not have access to such a valuable service when it wasn&#8217;t for the occurrence of the services. The most important intention of the study paper service is to earn the research paper process<!--more--> easier. However, choosing such a ceremony requires some careful consideration.<\/p>\n<\/p>\n<p>First and foremost, the study paper support must be able to provide the kind of support your requirements require. This usually means that they have to be capable of fulfilling the specifications and requirements of your work in a professional way. There are numerous different suppliers out there, so be certain that you choose one that meets your requirements. There are some hints that can assist you in this regard.<\/p>\n<\/p>\n<p>The first point to check out while picking out a research paper support is the type of technical assistance they supply. A fantastic service should provide you with considerable technical support in any way times. You also need to be able to email them questions or comments. Technical problems are something that can crop up at any moment, and you need to make certain you could contact the provider when such problems arise. Avoid using a paper service that does not take this factor into consideration.<\/p>\n<\/p>\n<p>One other important aspect to consider while picking a paper support is the quality of their research paper. Ensure that you locate <a href=\"https:\/\/contadordepalabras.top\/contador-de-palabras-frances\">contador de palabras frances<\/a> a provider which has a fantastic reputation and is known to produce high-quality research papers. The caliber of the research paper doesn&#8217;t just rely on the writer, but also on the shipping system. Some researchers prefer a hard copy of their research document, whereas others may need it uploaded into a web site. You have to ensure that whichever system you use, you get a tough copy.<\/p>\n<\/p>\n<p>When using a research paper support, you also should be certain that they have a well developed method for monitoring and archiving their job. A newspaper provider that doesn&#8217;t have a good archiving policy is insecure. Don&#8217;t depend on them to store your research papers on secure servers that are online. If a disaster strikes, there is not any assurance that your information will still be there.<\/p>\n<\/p>\n<p>It&#8217;s important to choose a research paper service that&#8217;s cost effective. Many services market heavily, and supply prices which are too good to be true. Prior to using a paper assistance, make sure to read their terms of services and whether they offer a money back guarantee. Deciding on a paper service that provides you great value for money and has a reputation for delivering quality work is key to getting <a href=\"https:\/\/sentencecheck.top\/\">sentence structure checker<\/a> the very best outcomes.<\/p>\n","protected":false},"excerpt":{"rendered":"<p>There&#8217;s not any denying the fact that research paper service is an important aspect of modern-day academic life. In fact, there are many students who would not have access to such a valuable service when it wasn&#8217;t for the occurrence of the services. The most&#8230;<\/p>\n","protected":false},"author":4,"featured_media":0,"parent":0,"menu_order":0,"comment_status":"closed","ping_status":"closed","template":"","meta":{"footnotes":""},"class_list":["post-3276","page","type-page","status-publish","hentry"],"yoast_head":"<!-- This site is optimized with the Yoast SEO plugin v23.8 - https:\/\/yoast.com\/wordpress\/plugins\/seo\/ -->\n<title>Using a Research Paper Service For Your Dissertation | Protec Ingenieria | Cortinas Met\u00e1licas, cortinas met\u00e1licas antivand\u00e1licas, cortinas metalicas industriales, cortinas metalicas Galpones, Biombo Metalico, cortina metalica, cortinas metalicas enrrollables, cortinas metalicas precios, venta de cortinas metalicas, cortina met\u00e1lica, cortinas met\u00e1licas, cortinas metalicas chile, cortinas metalicas manuales, cortinas metalicas santiago, Persianas aluminio, Persinas aluminio motorizada, Puertas met\u00e1licas, Puertas Industriales, Puertas de seguridad, Puertas Antivand\u00e1licas, Puertas Blindadas, Puertas Antiflama, Puertas Antiflama F-30, Puertas Antiflama F-60, Puertas Antiflama F-90, Puertas Antiflama F-120, Puertas Met\u00e1licas Celos\u00edas, Puertas Met\u00e1licas Mallas<\/title>\n<meta name=\"robots\" content=\"index, follow, max-snippet:-1, max-image-preview:large, max-video-preview:-1\" \/>\n<link rel=\"canonical\" href=\"https:\/\/protecingenieria.cl\/index.php\/using-a-research-paper-service-for-your-dissertation\/\" \/>\n<meta property=\"og:locale\" content=\"es_ES\" \/>\n<meta property=\"og:type\" content=\"article\" \/>\n<meta property=\"og:title\" content=\"Using a Research Paper Service For Your Dissertation | Protec Ingenieria | Cortinas Met\u00e1licas, cortinas met\u00e1licas antivand\u00e1licas, cortinas metalicas industriales, cortinas metalicas Galpones, Biombo Metalico, cortina metalica, cortinas metalicas enrrollables, cortinas metalicas precios, venta de cortinas metalicas, cortina met\u00e1lica, cortinas met\u00e1licas, cortinas metalicas chile, cortinas metalicas manuales, cortinas metalicas santiago, Persianas aluminio, Persinas aluminio motorizada, Puertas met\u00e1licas, Puertas Industriales, Puertas de seguridad, Puertas Antivand\u00e1licas, Puertas Blindadas, Puertas Antiflama, Puertas Antiflama F-30, Puertas Antiflama F-60, Puertas Antiflama F-90, Puertas Antiflama F-120, Puertas Met\u00e1licas Celos\u00edas, Puertas Met\u00e1licas Mallas\" \/>\n<meta property=\"og:description\" content=\"There&#8217;s not any denying the fact that research paper service is an important aspect of modern-day academic life. In fact, there are many students who would not have access to such a valuable service when it wasn&#8217;t for the occurrence of the services. The most...\" \/>\n<meta property=\"og:url\" content=\"https:\/\/protecingenieria.cl\/index.php\/using-a-research-paper-service-for-your-dissertation\/\" \/>\n<meta property=\"og:site_name\" content=\"Protec Ingenieria | Cortinas Met\u00e1licas, cortinas met\u00e1licas antivand\u00e1licas, cortinas metalicas industriales, cortinas metalicas Galpones, Biombo Metalico, cortina metalica, cortinas metalicas enrrollables, cortinas metalicas precios, venta de cortinas metalicas, cortina met\u00e1lica, cortinas met\u00e1licas, cortinas metalicas chile, cortinas metalicas manuales, cortinas metalicas santiago, Persianas aluminio, Persinas aluminio motorizada, Puertas met\u00e1licas, Puertas Industriales, Puertas de seguridad, Puertas Antivand\u00e1licas, Puertas Blindadas, Puertas Antiflama, Puertas Antiflama F-30, Puertas Antiflama F-60, Puertas Antiflama F-90, Puertas Antiflama F-120, Puertas Met\u00e1licas Celos\u00edas, Puertas Met\u00e1licas Mallas\" \/>\n<meta name=\"twitter:card\" content=\"summary_large_image\" \/>\n<meta name=\"twitter:label1\" content=\"Tiempo de lectura\" \/>\n\t<meta name=\"twitter:data1\" content=\"2 minutos\" \/>\n<script type=\"application\/ld+json\" class=\"yoast-schema-graph\">{\"@context\":\"https:\/\/schema.org\",\"@graph\":[{\"@type\":\"WebPage\",\"@id\":\"https:\/\/protecingenieria.cl\/index.php\/using-a-research-paper-service-for-your-dissertation\/\",\"url\":\"https:\/\/protecingenieria.cl\/index.php\/using-a-research-paper-service-for-your-dissertation\/\",\"name\":\"Using a Research Paper Service For Your Dissertation | Protec Ingenieria | Cortinas Met\u00e1licas, cortinas met\u00e1licas antivand\u00e1licas, cortinas metalicas industriales, cortinas metalicas Galpones, Biombo Metalico, cortina metalica, cortinas metalicas enrrollables, cortinas metalicas precios, venta de cortinas metalicas, cortina met\u00e1lica, cortinas met\u00e1licas, cortinas metalicas chile, cortinas metalicas manuales, cortinas metalicas santiago, Persianas aluminio, Persinas aluminio motorizada, Puertas met\u00e1licas, Puertas Industriales, Puertas de seguridad, Puertas Antivand\u00e1licas, Puertas Blindadas, Puertas Antiflama, Puertas Antiflama F-30, Puertas Antiflama F-60, Puertas Antiflama F-90, Puertas Antiflama F-120, Puertas Met\u00e1licas Celos\u00edas, Puertas Met\u00e1licas Mallas\",\"isPartOf\":{\"@id\":\"https:\/\/protecingenieria.cl\/#website\"},\"datePublished\":\"2023-03-25T20:16:30+00:00\",\"dateModified\":\"2023-03-25T20:16:30+00:00\",\"breadcrumb\":{\"@id\":\"https:\/\/protecingenieria.cl\/index.php\/using-a-research-paper-service-for-your-dissertation\/#breadcrumb\"},\"inLanguage\":\"es\",\"potentialAction\":[{\"@type\":\"ReadAction\",\"target\":[\"https:\/\/protecingenieria.cl\/index.php\/using-a-research-paper-service-for-your-dissertation\/\"]}]},{\"@type\":\"BreadcrumbList\",\"@id\":\"https:\/\/protecingenieria.cl\/index.php\/using-a-research-paper-service-for-your-dissertation\/#breadcrumb\",\"itemListElement\":[{\"@type\":\"ListItem\",\"position\":1,\"name\":\"Portada\",\"item\":\"https:\/\/protecingenieria.cl\/\"},{\"@type\":\"ListItem\",\"position\":2,\"name\":\"Using a Research Paper Service For Your Dissertation\"}]},{\"@type\":\"WebSite\",\"@id\":\"https:\/\/protecingenieria.cl\/#website\",\"url\":\"https:\/\/protecingenieria.cl\/\",\"name\":\"Protec Ingenieria | Cortinas Met\u00e1licas, cortinas met\u00e1licas antivand\u00e1licas, cortinas metalicas industriales, cortinas metalicas Galpones, Biombo Metalico, cortina metalica, cortinas metalicas enrrollables, cortinas metalicas precios, venta de cortinas metalicas, cortina met\u00e1lica, cortinas met\u00e1licas, cortinas metalicas chile, cortinas metalicas manuales, cortinas metalicas santiago, Persianas aluminio, Persinas aluminio motorizada, Puertas met\u00e1licas, Puertas Industriales, Puertas de seguridad, Puertas Antivand\u00e1licas, Puertas Blindadas, Puertas Antiflama, Puertas Antiflama F-30, Puertas Antiflama F-60, Puertas Antiflama F-90, Puertas Antiflama F-120, Puertas Met\u00e1licas Celos\u00edas, Puertas Met\u00e1licas Mallas\",\"description\":\"Protec Ingenieria | cortinas met\u00e1licas, cortinas met\u00e1licas antivand\u00e1licas, cortinas metalicas industriales, cortinas metalicas Galpones, Biombo Metalico, cortina metalica, cortinas metalicas enrrollables, cortinas metalicas precios, venta de cortinas metalicas, cortina met\u00e1lica, cortinas met\u00e1licas, cortinas metalicas chile, cortinas metalicas manuales, cortinas metalicas santiago, Persianas aluminio, Persinas aluminio motorizada, Puertas met\u00e1licas, Puertas Industriales, Puertas de seguridad, Puertas Antivand\u00e1licas, Puertas Blindadas, Puertas Antiflama, Puertas Antiflama F-30, Puertas Antiflama F-60, Puertas Antiflama F-90, Puertas Antiflama F-120, Puertas Met\u00e1licas Celos\u00edas, Puertas Met\u00e1licas Mallas\",\"publisher\":{\"@id\":\"https:\/\/protecingenieria.cl\/#organization\"},\"potentialAction\":[{\"@type\":\"SearchAction\",\"target\":{\"@type\":\"EntryPoint\",\"urlTemplate\":\"https:\/\/protecingenieria.cl\/?s={search_term_string}\"},\"query-input\":{\"@type\":\"PropertyValueSpecification\",\"valueRequired\":true,\"valueName\":\"search_term_string\"}}],\"inLanguage\":\"es\"},{\"@type\":\"Organization\",\"@id\":\"https:\/\/protecingenieria.cl\/#organization\",\"name\":\"Protec Ingenieria\",\"url\":\"https:\/\/protecingenieria.cl\/\",\"logo\":{\"@type\":\"ImageObject\",\"inLanguage\":\"es\",\"@id\":\"https:\/\/protecingenieria.cl\/#\/schema\/logo\/image\/\",\"url\":\"https:\/\/protecingenieria.cl\/wp-content\/uploads\/2018\/08\/Copia-de-logo-nuevo-protec.jpg\",\"contentUrl\":\"https:\/\/protecingenieria.cl\/wp-content\/uploads\/2018\/08\/Copia-de-logo-nuevo-protec.jpg\",\"width\":1867,\"height\":1025,\"caption\":\"Protec Ingenieria\"},\"image\":{\"@id\":\"https:\/\/protecingenieria.cl\/#\/schema\/logo\/image\/\"}}]}<\/script>\n<!-- \/ Yoast SEO plugin. -->","yoast_head_json":{"title":"Using a Research Paper Service For Your Dissertation | Protec Ingenieria | Cortinas Met\u00e1licas, cortinas met\u00e1licas antivand\u00e1licas, cortinas metalicas industriales, cortinas metalicas Galpones, Biombo Metalico, cortina metalica, cortinas metalicas enrrollables, cortinas metalicas precios, venta de cortinas metalicas, cortina met\u00e1lica, cortinas met\u00e1licas, cortinas metalicas chile, cortinas metalicas manuales, cortinas metalicas santiago, Persianas aluminio, Persinas aluminio motorizada, Puertas met\u00e1licas, Puertas Industriales, Puertas de seguridad, Puertas Antivand\u00e1licas, Puertas Blindadas, Puertas Antiflama, Puertas Antiflama F-30, Puertas Antiflama F-60, Puertas Antiflama F-90, Puertas Antiflama F-120, Puertas Met\u00e1licas Celos\u00edas, Puertas Met\u00e1licas Mallas","robots":{"index":"index","follow":"follow","max-snippet":"max-snippet:-1","max-image-preview":"max-image-preview:large","max-video-preview":"max-video-preview:-1"},"canonical":"https:\/\/protecingenieria.cl\/index.php\/using-a-research-paper-service-for-your-dissertation\/","og_locale":"es_ES","og_type":"article","og_title":"Using a Research Paper Service For Your Dissertation | Protec Ingenieria | Cortinas Met\u00e1licas, cortinas met\u00e1licas antivand\u00e1licas, cortinas metalicas industriales, cortinas metalicas Galpones, Biombo Metalico, cortina metalica, cortinas metalicas enrrollables, cortinas metalicas precios, venta de cortinas metalicas, cortina met\u00e1lica, cortinas met\u00e1licas, cortinas metalicas chile, cortinas metalicas manuales, cortinas metalicas santiago, Persianas aluminio, Persinas aluminio motorizada, Puertas met\u00e1licas, Puertas Industriales, Puertas de seguridad, Puertas Antivand\u00e1licas, Puertas Blindadas, Puertas Antiflama, Puertas Antiflama F-30, Puertas Antiflama F-60, Puertas Antiflama F-90, Puertas Antiflama F-120, Puertas Met\u00e1licas Celos\u00edas, Puertas Met\u00e1licas Mallas","og_description":"There&#8217;s not any denying the fact that research paper service is an important aspect of modern-day academic life. In fact, there are many students who would not have access to such a valuable service when it wasn&#8217;t for the occurrence of the services. The most...","og_url":"https:\/\/protecingenieria.cl\/index.php\/using-a-research-paper-service-for-your-dissertation\/","og_site_name":"Protec Ingenieria | Cortinas Met\u00e1licas, cortinas met\u00e1licas antivand\u00e1licas, cortinas metalicas industriales, cortinas metalicas Galpones, Biombo Metalico, cortina metalica, cortinas metalicas enrrollables, cortinas metalicas precios, venta de cortinas metalicas, cortina met\u00e1lica, cortinas met\u00e1licas, cortinas metalicas chile, cortinas metalicas manuales, cortinas metalicas santiago, Persianas aluminio, Persinas aluminio motorizada, Puertas met\u00e1licas, Puertas Industriales, Puertas de seguridad, Puertas Antivand\u00e1licas, Puertas Blindadas, Puertas Antiflama, Puertas Antiflama F-30, Puertas Antiflama F-60, Puertas Antiflama F-90, Puertas Antiflama F-120, Puertas Met\u00e1licas Celos\u00edas, Puertas Met\u00e1licas Mallas","twitter_card":"summary_large_image","twitter_misc":{"Tiempo de lectura":"2 minutos"},"schema":{"@context":"https:\/\/schema.org","@graph":[{"@type":"WebPage","@id":"https:\/\/protecingenieria.cl\/index.php\/using-a-research-paper-service-for-your-dissertation\/","url":"https:\/\/protecingenieria.cl\/index.php\/using-a-research-paper-service-for-your-dissertation\/","name":"Using a Research Paper Service For Your Dissertation | Protec Ingenieria | Cortinas Met\u00e1licas, cortinas met\u00e1licas antivand\u00e1licas, cortinas metalicas industriales, cortinas metalicas Galpones, Biombo Metalico, cortina metalica, cortinas metalicas enrrollables, cortinas metalicas precios, venta de cortinas metalicas, cortina met\u00e1lica, cortinas met\u00e1licas, cortinas metalicas chile, cortinas metalicas manuales, cortinas metalicas santiago, Persianas aluminio, Persinas aluminio motorizada, Puertas met\u00e1licas, Puertas Industriales, Puertas de seguridad, Puertas Antivand\u00e1licas, Puertas Blindadas, Puertas Antiflama, Puertas Antiflama F-30, Puertas Antiflama F-60, Puertas Antiflama F-90, Puertas Antiflama F-120, Puertas Met\u00e1licas Celos\u00edas, Puertas Met\u00e1licas Mallas","isPartOf":{"@id":"https:\/\/protecingenieria.cl\/#website"},"datePublished":"2023-03-25T20:16:30+00:00","dateModified":"2023-03-25T20:16:30+00:00","breadcrumb":{"@id":"https:\/\/protecingenieria.cl\/index.php\/using-a-research-paper-service-for-your-dissertation\/#breadcrumb"},"inLanguage":"es","potentialAction":[{"@type":"ReadAction","target":["https:\/\/protecingenieria.cl\/index.php\/using-a-research-paper-service-for-your-dissertation\/"]}]},{"@type":"BreadcrumbList","@id":"https:\/\/protecingenieria.cl\/index.php\/using-a-research-paper-service-for-your-dissertation\/#breadcrumb","itemListElement":[{"@type":"ListItem","position":1,"name":"Portada","item":"https:\/\/protecingenieria.cl\/"},{"@type":"ListItem","position":2,"name":"Using a Research Paper Service For Your Dissertation"}]},{"@type":"WebSite","@id":"https:\/\/protecingenieria.cl\/#website","url":"https:\/\/protecingenieria.cl\/","name":"Protec Ingenieria | Cortinas Met\u00e1licas, cortinas met\u00e1licas antivand\u00e1licas, cortinas metalicas industriales, cortinas metalicas Galpones, Biombo Metalico, cortina metalica, cortinas metalicas enrrollables, cortinas metalicas precios, venta de cortinas metalicas, cortina met\u00e1lica, cortinas met\u00e1licas, cortinas metalicas chile, cortinas metalicas manuales, cortinas metalicas santiago, Persianas aluminio, Persinas aluminio motorizada, Puertas met\u00e1licas, Puertas Industriales, Puertas de seguridad, Puertas Antivand\u00e1licas, Puertas Blindadas, Puertas Antiflama, Puertas Antiflama F-30, Puertas Antiflama F-60, Puertas Antiflama F-90, Puertas Antiflama F-120, Puertas Met\u00e1licas Celos\u00edas, Puertas Met\u00e1licas Mallas","description":"Protec Ingenieria | cortinas met\u00e1licas, cortinas met\u00e1licas antivand\u00e1licas, cortinas metalicas industriales, cortinas metalicas Galpones, Biombo Metalico, cortina metalica, cortinas metalicas enrrollables, cortinas metalicas precios, venta de cortinas metalicas, cortina met\u00e1lica, cortinas met\u00e1licas, cortinas metalicas chile, cortinas metalicas manuales, cortinas metalicas santiago, Persianas aluminio, Persinas aluminio motorizada, Puertas met\u00e1licas, Puertas Industriales, Puertas de seguridad, Puertas Antivand\u00e1licas, Puertas Blindadas, Puertas Antiflama, Puertas Antiflama F-30, Puertas Antiflama F-60, Puertas Antiflama F-90, Puertas Antiflama F-120, Puertas Met\u00e1licas Celos\u00edas, Puertas Met\u00e1licas Mallas","publisher":{"@id":"https:\/\/protecingenieria.cl\/#organization"},"potentialAction":[{"@type":"SearchAction","target":{"@type":"EntryPoint","urlTemplate":"https:\/\/protecingenieria.cl\/?s={search_term_string}"},"query-input":{"@type":"PropertyValueSpecification","valueRequired":true,"valueName":"search_term_string"}}],"inLanguage":"es"},{"@type":"Organization","@id":"https:\/\/protecingenieria.cl\/#organization","name":"Protec Ingenieria","url":"https:\/\/protecingenieria.cl\/","logo":{"@type":"ImageObject","inLanguage":"es","@id":"https:\/\/protecingenieria.cl\/#\/schema\/logo\/image\/","url":"https:\/\/protecingenieria.cl\/wp-content\/uploads\/2018\/08\/Copia-de-logo-nuevo-protec.jpg","contentUrl":"https:\/\/protecingenieria.cl\/wp-content\/uploads\/2018\/08\/Copia-de-logo-nuevo-protec.jpg","width":1867,"height":1025,"caption":"Protec Ingenieria"},"image":{"@id":"https:\/\/protecingenieria.cl\/#\/schema\/logo\/image\/"}}]}},"_links":{"self":[{"href":"https:\/\/protecingenieria.cl\/index.php\/wp-json\/wp\/v2\/pages\/3276","targetHints":{"allow":["GET"]}}],"collection":[{"href":"https:\/\/protecingenieria.cl\/index.php\/wp-json\/wp\/v2\/pages"}],"about":[{"href":"https:\/\/protecingenieria.cl\/index.php\/wp-json\/wp\/v2\/types\/page"}],"author":[{"embeddable":true,"href":"https:\/\/protecingenieria.cl\/index.php\/wp-json\/wp\/v2\/users\/4"}],"replies":[{"embeddable":true,"href":"https:\/\/protecingenieria.cl\/index.php\/wp-json\/wp\/v2\/comments?post=3276"}],"version-history":[{"count":1,"href":"https:\/\/protecingenieria.cl\/index.php\/wp-json\/wp\/v2\/pages\/3276\/revisions"}],"predecessor-version":[{"id":3277,"href":"https:\/\/protecingenieria.cl\/index.php\/wp-json\/wp\/v2\/pages\/3276\/revisions\/3277"}],"wp:attachment":[{"href":"https:\/\/protecingenieria.cl\/index.php\/wp-json\/wp\/v2\/media?parent=3276"}],"curies":[{"name":"wp","href":"https:\/\/api.w.org\/{rel}","templated":true}]}}