{"id":3780,"date":"2023-05-01T17:47:23","date_gmt":"2023-05-01T17:47:23","guid":{"rendered":"https:\/\/protecingenieria.cl\/?page_id=3780"},"modified":"2023-05-01T17:47:23","modified_gmt":"2023-05-01T17:47:23","slug":"22bet-casino","status":"publish","type":"page","link":"https:\/\/protecingenieria.cl\/index.php\/22bet-casino\/","title":{"rendered":"Recensione di 22bet Casino"},"content":{"rendered":"<h1>Recensione di 22bet Casino<\/h1>\n<p>Quando giochi su 22Bet, entrare nel mondo dei casin\u00f2 online \u00e8 semplice. C&#8217;\u00e8 una vasta selezione di giochi da casin\u00f2, scommesse sportive, giochi con croupier dal vivo e fantastiche promozioni disponibili per il tuo check-out. Avrai anche un&#8217;esperienza veramente internazionale perch\u00e9 persone provenienti da oltre 30 paesi diversi, tra cui Canada ed Europa, sono autorizzate a partecipare! Controlla l&#8217;articolo su <a href=\"https:\/\/casinononaams.it\/22bet-online-casino\/\">Casinononaams<\/a> per saperne di pi\u00f9.<\/p>\n<h2>Licenza<\/h2>\n<p>Le credenziali di licenza e la sicurezza sono i due argomenti pi\u00f9 cruciali da affrontare per primi nella nostra valutazione di 22bet casino. TechSolutions (CY) Group Limited (numero di registrazione: HE 377018) \u00e8 responsabile della gestione e gestione della piattaforma online 22bet.<\/p>\n<p>Le informazioni finanziarie e le informazioni personali fornite al momento della registrazione sono crittografate e conservate in un database protetto da password. 22Bet utilizza la tecnologia firewall pi\u00f9 aggiornata insieme alla crittografia SSL versione 3 a 128 bit per garantire la privacy dei tuoi dati.<\/p>\n<p>Purtroppo, nel 2023, la piattaforma non accetta pi\u00f9 residenti nel Regno Unito, anche se in precedenza era stata autorizzata dalla UK Gambling Commission. 22bet.co.uk, un sito web fratello, ha formalmente chiuso.<\/p>\n<p><img decoding=\"async\" src=\"https:\/\/cdn.pixabay.com\/photo\/2013\/07\/23\/23\/23\/cards-166436_960_720.jpg\" style=\"max-width: 100%; height: auto;\"\n\/><\/p>\n<h2>Metodi di gioco responsabile<\/h2>\n<p>L&#8217;impostazione di un budget e di essere consapevoli dei propri limiti sono solo due aspetti di essere un giocatore responsabile; \u00e8 inoltre necessario prendere uso di queste strategie quando sono applicabili.<\/p>\n<p>La buona notizia \u00e8 che 22bet casino offre una variet\u00e0 di strumenti di gioco sicuri personalizzabili. Questi consistono in tappi di deposito, tappi di scommesse individuali, accesso completo alla cronologia dei clienti e la possibilit\u00e0 di disattivare il tuo account per un determinato periodo di tempo. Inoltre, hai la possibilit\u00e0 di autoescluderti contattando il team di assistenza clienti tramite live chat o e-mail in qualsiasi momento del giorno o della notte.<\/p>\n<p>Fai riferimento al questionario sul problema del gioco d&#8217;azzardo nella pagina gioco responsabile o contatta GamCare per maggiori dettagli se non sei sicuro di aver bisogno o meno di aiuto per un problema di gioco.<\/p>\n<h2>Bonus<\/h2>\n<p>Se scegli di unirti a 22bet Casino, puoi aspettarti bonus sul primo deposito, tornei di slot settimanali, bonus di sconto, regali di compleanno e una variet\u00e0 di incentivi sportivi! Ecco i principali punti salienti da vedere nel 2023 e come approfittare di queste offerte dolci.<\/p>\n<h3>Saluto Bonus<\/h3>\n<p>Sei qualificato per un bonus del casin\u00f2 del 100% fino a \u20ac300 se ti sei recentemente iscritto a 22Bet Casino, hai compilato completamente il tuo profilo giocatore e hai effettuato il tuo primo deposito di almeno \u20ac1. Quando effettui il deposito minimo richiesto, 22Bet applica automaticamente questa promozione al tuo account; non \u00e8 necessario utilizzare un codice promozionale.<\/p>\n<p>L&#8217;importo massimo per scommettere il bonus \u00e8 di \u20ac \/ $5, e ci sono requisiti di scommessa 50x per trasformare il bonus in denaro reale. Se hai gi\u00e0 effettuato il tuo deposito iniziale di bitcoin, questa promozione non \u00e8 valida per te. Entro sette giorni dall&#8217;attivazione, la scommessa deve essere completata.<\/p>\n<h3>Gare regolari<\/h3>\n<p>Con le gare di slot settimanali di 22Bet, preparati a competere! Sei nel posto giusto se ami la corsa di competere contro il tempo per l&#8217;opportunit\u00e0 di vincere \u20ac10.000. Se sei interessato, devi partecipare attivamente facendo clic sull&#8217;opzione \u00abPartecipa\u00bb nella pagina dell&#8217;offerta.<\/p>\n<p>Ogni settimana, dal luned\u00ec alle 00: 01 GMT alla domenica alle 23: 59 GMT, l&#8217;azienda organizza gare. Qualsiasi giocatore, nuovo o stagionato, \u00e8 il benvenuto.Solo slot sono inclusi; casin\u00f2 dal vivo e giochi da tavolo sono esclusi.<\/p>\n<p>Otterrai una certa quantit\u00e0 di punti per ogni scommessa effettuata in una qualsiasi delle slot 22Bet durante il periodo promozionale, con una scommessa di \u20ac1 pari a 100 punti. Puoi monitorare i tuoi progressi e confrontarti con gli altri concorrenti tenendo d&#8217;occhio la classifica durante ogni gara.<\/p>\n<p>Ci saranno 100 vincitori in ogni gara, e i giocatori con il maggior numero di punti riceveranno premi.Entro 24 ore dalla conclusione della gara, le vincite saranno accreditate in contanti senza requisiti di scommessa.<\/p>\n<h3>Regalo di compleanno<\/h3>\n<p>Il tuo compleanno \u00e8 un&#8217;ottima scusa per festeggiare con i propri cari, ma \u00e8 anche un giorno speciale su 22bet poich\u00e9 ottieni 500 punti bonus come regalo che puoi spendere nel bonus store.<\/p>\n<p>Devi avere un account giocatore funzionante e confermare che il tuo indirizzo email e il tuo numero di telefono sono entrambi legittimi per poter beneficiare del bonus. Devi anche acconsentire a partecipare al programma bonus e compilare ogni modulo nella sezione \u00abIl mio account\u00bb.<\/p>\n<p>Il bonus sar\u00e0 accreditato sul tuo account il giorno del tuo compleanno, che \u00e8 stato fornito al momento della registrazione e verificato con l&#8217;identificazione. La promozione \u00e8 valida solo per i clienti attuali.<\/p>\n<p>22Bet attualmente non fornisce uno schema VIP a livello di piattaforma. In realt\u00e0, l&#8217;azienda offre solo programmi sportivi VIP ai consumatori in Senegal. L&#8217;idea \u00e8 semplice: pi\u00f9 scommesse piazzate, pi\u00f9 punti comp ottenete in classifica. Inoltre, questi possono essere convertiti in scommesse gratuite.<\/p>\n<h2>Gioco<\/h2>\n<p>Il casin\u00f2 22Bet \u00e8 il posto dove andare se ti piace giocare a giochi da casin\u00f2 di vari fornitori di software. Ci sono centinaia di giochi disponibili da molte delle migliori aziende e designer sul mercato.Slot machine per soldi veri, slot progressive, giochi da tavolo, giochi nuovi di zecca, e molto altro ancora sono tutti disponibili in un unico luogo!<\/p>\n<p>Puoi ottenere un elenco completo di questi fornitori e ogni tipo di gioco offerto su tutta la piattaforma visitando le sezioni \u00abCasin\u00f2\u00bb e \u00abSlot\u00bb. Goditi le slot tradizionali o visita la categoria \u00abNuova\u00bb per vedere le ultime versioni, come Irish Treasures Leprechaun&#8217;s Fortune, Spear of Fire e molti altri.<\/p>\n<p>\u00c8 possibile visualizzare tutti i giochi offerti da uno dei fornitori di software cliccando sul loro nome nella lista. Scegli tra una vasta gamma di opzioni, tra cui Evoplay, Habanero, Iron Dog Studio e altro ancora!<\/p>\n<p>Inoltre, 22Bet offre giochi da casin\u00f2 con croupier dal vivo basati su TVBet, Evolution Gaming e Absolute Live Gaming, tra gli altri, se si desidera un&#8217;esperienza di gioco in tempo reale e incredibilmente autentica.<\/p>\n<p>Roulette live dealer, blackjack live dealer, poker live dealer, baccarat live dealer e spettacoli di giochi di casin\u00f2 dal vivo sono tutti accessibili con un solo clic con puntate per soddisfare qualsiasi budget. Siamo felici di vedere giochi dal vivo con un&#8217;estetica hindi, Dragon Tiger e versioni rapide per giocatori esperti come Speed Auto Roulette e Baccarat.<\/p>\n<h2>Stile del casin\u00f2<\/h2>\n<p>Verde, blu scuro e rosso costituiscono la combinazione di colori rilassanti del sito Web, mentre le parti educative hanno uno sfondo completamente bianco per una lettura pi\u00f9 facile. Anche quando si utilizza uno schermo pi\u00f9 piccolo, questo offre uno stile equilibrato e professionale che non \u00e8 troppo faticoso per gli occhi.<\/p>\n<p>Il sito \u00e8 anche ben organizzato, con i principali punti di interesse del giocatore raggruppati nel menu in alto sotto le voci \u00absport\u00bb, \u00ablive\u00bb, \u00abjackpot\u00bb, \u00abcasin\u00f2\u00bb, \u00abbonus\u00bb, ecc. Poich\u00e9 il sito Web \u00e8 ottimizzato per i dispositivi mobili, puoi accedere facilmente alla tua categoria di giochi preferiti da uno smartphone o un tablet. Inoltre, la maggior parte dei titoli in mostra sono sensibili ai dispositivi mobili, come le slot HTML5 e gli spettacoli di giochi da casin\u00f2 dal vivo.<\/p>\n<p>Una cosa che deve essere migliorata \u00e8 il tempo di caricamento del sito Web, che \u00e8 notevolmente evidente quando si accede alla pagina principale. Ci\u00f2 \u00e8 dovuto alla necessit\u00e0 di mostrare contemporaneamente un gran numero di componenti grafici, come banner e loghi di slot machine. D&#8217;altra parte, tutta la grafica \u00e8 prodotta in HD e ha una buona qualit\u00e0 dell&#8217;immagine.<\/p>\n<p>Ci sono due categorie principali per rendere pi\u00f9 semplice scegliere un gioco che si desidera: \u00abcasin\u00f2 \u00abper i giochi con croupier dal vivo e\u00bb slot \u00bb per i diversi tipi di slot si pu\u00f2 giocare (tali slot a linea singola, slot MegawaysTM, Bonus Buy slot, ecc.). Inoltre, puoi utilizzare filtri alternativi, come \u00abnuovo\u00bb, \u00abjackpot\u00bb, \u00abpopolare\u00bb e \u00abDrops &amp; Wins\u00bb, se stai cercando qualcosa di ancora pi\u00f9 specifico.<\/p>\n<p>Per trovare un gioco per nome o sviluppatore, usa la casella di ricerca che viene fornita nell&#8217;angolo in alto a destra della pagina del casin\u00f2.<\/p>\n<h2>Applicazione mobile<\/h2>\n<p>Sul suo sito web mobile, a cui \u00e8 possibile accedere utilizzando il browser del cellulare, 22bet Casino offre tutti i suoi giochi. Tutto ci\u00f2 che ti piace del sito desktop \u00e8 immediatamente accessibile sul suo equivalente mobile, che \u00e8 elegante e semplice da usare. Assicurati che la tua connessione Internet sia affidabile per evitare qualsiasi singhiozzo di gioco.<\/p>\n<p>Sfortunatamente, nonostante abbia app mobili iOS e Android, 22Bet offre solo l&#8217;accesso alle scommesse sportive attraverso queste, non slot o casin\u00f2 dal vivo. Tuttavia, eccellono in quello che fanno, permettendoti di guardare eventi sportivi ed eSports in diretta, piazzare scommesse in movimento, depositare denaro da qualsiasi parte del mondo e ritirarlo quando vuoi.<\/p>\n<p><img decoding=\"async\" src=\"https:\/\/cdn.pixabay.com\/photo\/2016\/03\/17\/23\/09\/poker-1264076_960_720.jpg\" style=\"max-width: 100%; height: auto;\"\n\/><\/p>\n<h2>Servizio clienti<\/h2>\n<p>Puoi contattare il servizio clienti 24 ore al giorno, 7 giorni alla settimana tramite live chat o e-mail all&#8217;indirizzo support-en@22bet.com se hai domande sul tuo account, sui bonus offerti o su qualsiasi altra funzionalit\u00e0 della piattaforma. \u00c8 inoltre possibile utilizzare il modulo di contatto in loco per entrare in contatto con un membro dello staff; tutto ci\u00f2 di cui hanno bisogno \u00e8 il tuo nome, indirizzo e-mail e messaggio.<\/p>\n<p>Inoltre, 22Bet fornisce un altro indirizzo e-mail in cui puoi presentare un reclamo nel caso in cui qualcosa vada storto con la tua esperienza: complaints@22bet.com. \u00c8 inoltre possibile contattare il seguente numero di telefono per assistenza: +357 99 816806.<\/p>\n<p>\u00c8 possibile scegliere tra pi\u00f9 di 60 lingue quando si utilizza il sito Web per ricevere un&#8217;esperienza locale, tra cui, tra gli altri, inglese britannico, finlandese, rumeno e giapponese. Il personale del servizio clienti, tuttavia, risponde solo alle richieste in inglese. Secondo i nostri test, il tasso di risposta della live chat \u00e8 abbastanza accettabile; siamo stati in grado di ricevere una risposta soddisfacente in circa cinque minuti.<\/p>\n<h2>Conclusione<\/h2>\n<p>Per coloro che cercano pi\u00f9 di un semplice gioco di slot, 22Bet, uno dei casin\u00f2 online in pi\u00f9 rapida crescita delle sue dimensioni, offre una variet\u00e0 di opportunit\u00e0 di gioco. Inoltre, puoi trovare fantastiche vendite e un servizio clienti utile quando ne hai bisogno.<\/p>\n","protected":false},"excerpt":{"rendered":"<p>Recensione di 22bet Casino Quando giochi su 22Bet, entrare nel mondo dei casin\u00f2 online \u00e8 semplice. C&#8217;\u00e8 una vasta selezione di giochi da casin\u00f2, scommesse sportive, giochi con croupier dal vivo e fantastiche promozioni disponibili per il tuo check-out. Avrai anche un&#8217;esperienza veramente internazionale perch\u00e9&#8230;<\/p>\n","protected":false},"author":4,"featured_media":0,"parent":0,"menu_order":0,"comment_status":"closed","ping_status":"closed","template":"","meta":{"footnotes":""},"class_list":["post-3780","page","type-page","status-publish","hentry"],"yoast_head":"<!-- This site is optimized with the Yoast SEO plugin v23.8 - https:\/\/yoast.com\/wordpress\/plugins\/seo\/ -->\n<title>22Bet Casino Recensione Italia<\/title>\n<meta name=\"description\" content=\"Controlla questa recensione di 22Bet casino e scopri perch\u00e9 il sito \u00e8 cos\u00ec popolare in Italia.\" \/>\n<meta name=\"robots\" content=\"index, follow, max-snippet:-1, max-image-preview:large, max-video-preview:-1\" \/>\n<link rel=\"canonical\" href=\"https:\/\/protecingenieria.cl\/index.php\/22bet-casino\/\" \/>\n<meta property=\"og:locale\" content=\"es_ES\" \/>\n<meta property=\"og:type\" content=\"article\" \/>\n<meta property=\"og:title\" content=\"22Bet Casino Recensione Italia\" \/>\n<meta property=\"og:description\" content=\"Controlla questa recensione di 22Bet casino e scopri perch\u00e9 il sito \u00e8 cos\u00ec popolare in Italia.\" \/>\n<meta property=\"og:url\" content=\"https:\/\/protecingenieria.cl\/index.php\/22bet-casino\/\" \/>\n<meta property=\"og:site_name\" content=\"Protec Ingenieria | Cortinas Met\u00e1licas, cortinas met\u00e1licas antivand\u00e1licas, cortinas metalicas industriales, cortinas metalicas Galpones, Biombo Metalico, cortina metalica, cortinas metalicas enrrollables, cortinas metalicas precios, venta de cortinas metalicas, cortina met\u00e1lica, cortinas met\u00e1licas, cortinas metalicas chile, cortinas metalicas manuales, cortinas metalicas santiago, Persianas aluminio, Persinas aluminio motorizada, Puertas met\u00e1licas, Puertas Industriales, Puertas de seguridad, Puertas Antivand\u00e1licas, Puertas Blindadas, Puertas Antiflama, Puertas Antiflama F-30, Puertas Antiflama F-60, Puertas Antiflama F-90, Puertas Antiflama F-120, Puertas Met\u00e1licas Celos\u00edas, Puertas Met\u00e1licas Mallas\" \/>\n<meta property=\"og:image\" content=\"https:\/\/cdn.pixabay.com\/photo\/2013\/07\/23\/23\/23\/cards-166436_960_720.jpg\" \/>\n<meta name=\"twitter:card\" content=\"summary_large_image\" \/>\n<script type=\"application\/ld+json\" class=\"yoast-schema-graph\">{\"@context\":\"https:\/\/schema.org\",\"@graph\":[{\"@type\":\"WebPage\",\"@id\":\"https:\/\/protecingenieria.cl\/index.php\/22bet-casino\/\",\"url\":\"https:\/\/protecingenieria.cl\/index.php\/22bet-casino\/\",\"name\":\"22Bet Casino Recensione Italia\",\"isPartOf\":{\"@id\":\"https:\/\/protecingenieria.cl\/#website\"},\"primaryImageOfPage\":{\"@id\":\"https:\/\/protecingenieria.cl\/index.php\/22bet-casino\/#primaryimage\"},\"image\":{\"@id\":\"https:\/\/protecingenieria.cl\/index.php\/22bet-casino\/#primaryimage\"},\"thumbnailUrl\":\"https:\/\/cdn.pixabay.com\/photo\/2013\/07\/23\/23\/23\/cards-166436_960_720.jpg\",\"datePublished\":\"2023-05-01T17:47:23+00:00\",\"dateModified\":\"2023-05-01T17:47:23+00:00\",\"description\":\"Controlla questa recensione di 22Bet casino e scopri perch\u00e9 il sito \u00e8 cos\u00ec popolare in Italia.\",\"breadcrumb\":{\"@id\":\"https:\/\/protecingenieria.cl\/index.php\/22bet-casino\/#breadcrumb\"},\"inLanguage\":\"es\",\"potentialAction\":[{\"@type\":\"ReadAction\",\"target\":[\"https:\/\/protecingenieria.cl\/index.php\/22bet-casino\/\"]}]},{\"@type\":\"ImageObject\",\"inLanguage\":\"es\",\"@id\":\"https:\/\/protecingenieria.cl\/index.php\/22bet-casino\/#primaryimage\",\"url\":\"https:\/\/cdn.pixabay.com\/photo\/2013\/07\/23\/23\/23\/cards-166436_960_720.jpg\",\"contentUrl\":\"https:\/\/cdn.pixabay.com\/photo\/2013\/07\/23\/23\/23\/cards-166436_960_720.jpg\"},{\"@type\":\"BreadcrumbList\",\"@id\":\"https:\/\/protecingenieria.cl\/index.php\/22bet-casino\/#breadcrumb\",\"itemListElement\":[{\"@type\":\"ListItem\",\"position\":1,\"name\":\"Portada\",\"item\":\"https:\/\/protecingenieria.cl\/\"},{\"@type\":\"ListItem\",\"position\":2,\"name\":\"Recensione di 22bet Casino\"}]},{\"@type\":\"WebSite\",\"@id\":\"https:\/\/protecingenieria.cl\/#website\",\"url\":\"https:\/\/protecingenieria.cl\/\",\"name\":\"Protec Ingenieria | Cortinas Met\u00e1licas, cortinas met\u00e1licas antivand\u00e1licas, cortinas metalicas industriales, cortinas metalicas Galpones, Biombo Metalico, cortina metalica, cortinas metalicas enrrollables, cortinas metalicas precios, venta de cortinas metalicas, cortina met\u00e1lica, cortinas met\u00e1licas, cortinas metalicas chile, cortinas metalicas manuales, cortinas metalicas santiago, Persianas aluminio, Persinas aluminio motorizada, Puertas met\u00e1licas, Puertas Industriales, Puertas de seguridad, Puertas Antivand\u00e1licas, Puertas Blindadas, Puertas Antiflama, Puertas Antiflama F-30, Puertas Antiflama F-60, Puertas Antiflama F-90, Puertas Antiflama F-120, Puertas Met\u00e1licas Celos\u00edas, Puertas Met\u00e1licas Mallas\",\"description\":\"Protec Ingenieria | cortinas met\u00e1licas, cortinas met\u00e1licas antivand\u00e1licas, cortinas metalicas industriales, cortinas metalicas Galpones, Biombo Metalico, cortina metalica, cortinas metalicas enrrollables, cortinas metalicas precios, venta de cortinas metalicas, cortina met\u00e1lica, cortinas met\u00e1licas, cortinas metalicas chile, cortinas metalicas manuales, cortinas metalicas santiago, Persianas aluminio, Persinas aluminio motorizada, Puertas met\u00e1licas, Puertas Industriales, Puertas de seguridad, Puertas Antivand\u00e1licas, Puertas Blindadas, Puertas Antiflama, Puertas Antiflama F-30, Puertas Antiflama F-60, Puertas Antiflama F-90, Puertas Antiflama F-120, Puertas Met\u00e1licas Celos\u00edas, Puertas Met\u00e1licas Mallas\",\"publisher\":{\"@id\":\"https:\/\/protecingenieria.cl\/#organization\"},\"potentialAction\":[{\"@type\":\"SearchAction\",\"target\":{\"@type\":\"EntryPoint\",\"urlTemplate\":\"https:\/\/protecingenieria.cl\/?s={search_term_string}\"},\"query-input\":{\"@type\":\"PropertyValueSpecification\",\"valueRequired\":true,\"valueName\":\"search_term_string\"}}],\"inLanguage\":\"es\"},{\"@type\":\"Organization\",\"@id\":\"https:\/\/protecingenieria.cl\/#organization\",\"name\":\"Protec Ingenieria\",\"url\":\"https:\/\/protecingenieria.cl\/\",\"logo\":{\"@type\":\"ImageObject\",\"inLanguage\":\"es\",\"@id\":\"https:\/\/protecingenieria.cl\/#\/schema\/logo\/image\/\",\"url\":\"https:\/\/protecingenieria.cl\/wp-content\/uploads\/2018\/08\/Copia-de-logo-nuevo-protec.jpg\",\"contentUrl\":\"https:\/\/protecingenieria.cl\/wp-content\/uploads\/2018\/08\/Copia-de-logo-nuevo-protec.jpg\",\"width\":1867,\"height\":1025,\"caption\":\"Protec Ingenieria\"},\"image\":{\"@id\":\"https:\/\/protecingenieria.cl\/#\/schema\/logo\/image\/\"}}]}<\/script>\n<!-- \/ Yoast SEO plugin. -->","yoast_head_json":{"title":"22Bet Casino Recensione Italia","description":"Controlla questa recensione di 22Bet casino e scopri perch\u00e9 il sito \u00e8 cos\u00ec popolare in Italia.","robots":{"index":"index","follow":"follow","max-snippet":"max-snippet:-1","max-image-preview":"max-image-preview:large","max-video-preview":"max-video-preview:-1"},"canonical":"https:\/\/protecingenieria.cl\/index.php\/22bet-casino\/","og_locale":"es_ES","og_type":"article","og_title":"22Bet Casino Recensione Italia","og_description":"Controlla questa recensione di 22Bet casino e scopri perch\u00e9 il sito \u00e8 cos\u00ec popolare in Italia.","og_url":"https:\/\/protecingenieria.cl\/index.php\/22bet-casino\/","og_site_name":"Protec Ingenieria | Cortinas Met\u00e1licas, cortinas met\u00e1licas antivand\u00e1licas, cortinas metalicas industriales, cortinas metalicas Galpones, Biombo Metalico, cortina metalica, cortinas metalicas enrrollables, cortinas metalicas precios, venta de cortinas metalicas, cortina met\u00e1lica, cortinas met\u00e1licas, cortinas metalicas chile, cortinas metalicas manuales, cortinas metalicas santiago, Persianas aluminio, Persinas aluminio motorizada, Puertas met\u00e1licas, Puertas Industriales, Puertas de seguridad, Puertas Antivand\u00e1licas, Puertas Blindadas, Puertas Antiflama, Puertas Antiflama F-30, Puertas Antiflama F-60, Puertas Antiflama F-90, Puertas Antiflama F-120, Puertas Met\u00e1licas Celos\u00edas, Puertas Met\u00e1licas Mallas","og_image":[{"url":"https:\/\/cdn.pixabay.com\/photo\/2013\/07\/23\/23\/23\/cards-166436_960_720.jpg"}],"twitter_card":"summary_large_image","schema":{"@context":"https:\/\/schema.org","@graph":[{"@type":"WebPage","@id":"https:\/\/protecingenieria.cl\/index.php\/22bet-casino\/","url":"https:\/\/protecingenieria.cl\/index.php\/22bet-casino\/","name":"22Bet Casino Recensione Italia","isPartOf":{"@id":"https:\/\/protecingenieria.cl\/#website"},"primaryImageOfPage":{"@id":"https:\/\/protecingenieria.cl\/index.php\/22bet-casino\/#primaryimage"},"image":{"@id":"https:\/\/protecingenieria.cl\/index.php\/22bet-casino\/#primaryimage"},"thumbnailUrl":"https:\/\/cdn.pixabay.com\/photo\/2013\/07\/23\/23\/23\/cards-166436_960_720.jpg","datePublished":"2023-05-01T17:47:23+00:00","dateModified":"2023-05-01T17:47:23+00:00","description":"Controlla questa recensione di 22Bet casino e scopri perch\u00e9 il sito \u00e8 cos\u00ec popolare in Italia.","breadcrumb":{"@id":"https:\/\/protecingenieria.cl\/index.php\/22bet-casino\/#breadcrumb"},"inLanguage":"es","potentialAction":[{"@type":"ReadAction","target":["https:\/\/protecingenieria.cl\/index.php\/22bet-casino\/"]}]},{"@type":"ImageObject","inLanguage":"es","@id":"https:\/\/protecingenieria.cl\/index.php\/22bet-casino\/#primaryimage","url":"https:\/\/cdn.pixabay.com\/photo\/2013\/07\/23\/23\/23\/cards-166436_960_720.jpg","contentUrl":"https:\/\/cdn.pixabay.com\/photo\/2013\/07\/23\/23\/23\/cards-166436_960_720.jpg"},{"@type":"BreadcrumbList","@id":"https:\/\/protecingenieria.cl\/index.php\/22bet-casino\/#breadcrumb","itemListElement":[{"@type":"ListItem","position":1,"name":"Portada","item":"https:\/\/protecingenieria.cl\/"},{"@type":"ListItem","position":2,"name":"Recensione di 22bet Casino"}]},{"@type":"WebSite","@id":"https:\/\/protecingenieria.cl\/#website","url":"https:\/\/protecingenieria.cl\/","name":"Protec Ingenieria | Cortinas Met\u00e1licas, cortinas met\u00e1licas antivand\u00e1licas, cortinas metalicas industriales, cortinas metalicas Galpones, Biombo Metalico, cortina metalica, cortinas metalicas enrrollables, cortinas metalicas precios, venta de cortinas metalicas, cortina met\u00e1lica, cortinas met\u00e1licas, cortinas metalicas chile, cortinas metalicas manuales, cortinas metalicas santiago, Persianas aluminio, Persinas aluminio motorizada, Puertas met\u00e1licas, Puertas Industriales, Puertas de seguridad, Puertas Antivand\u00e1licas, Puertas Blindadas, Puertas Antiflama, Puertas Antiflama F-30, Puertas Antiflama F-60, Puertas Antiflama F-90, Puertas Antiflama F-120, Puertas Met\u00e1licas Celos\u00edas, Puertas Met\u00e1licas Mallas","description":"Protec Ingenieria | cortinas met\u00e1licas, cortinas met\u00e1licas antivand\u00e1licas, cortinas metalicas industriales, cortinas metalicas Galpones, Biombo Metalico, cortina metalica, cortinas metalicas enrrollables, cortinas metalicas precios, venta de cortinas metalicas, cortina met\u00e1lica, cortinas met\u00e1licas, cortinas metalicas chile, cortinas metalicas manuales, cortinas metalicas santiago, Persianas aluminio, Persinas aluminio motorizada, Puertas met\u00e1licas, Puertas Industriales, Puertas de seguridad, Puertas Antivand\u00e1licas, Puertas Blindadas, Puertas Antiflama, Puertas Antiflama F-30, Puertas Antiflama F-60, Puertas Antiflama F-90, Puertas Antiflama F-120, Puertas Met\u00e1licas Celos\u00edas, Puertas Met\u00e1licas Mallas","publisher":{"@id":"https:\/\/protecingenieria.cl\/#organization"},"potentialAction":[{"@type":"SearchAction","target":{"@type":"EntryPoint","urlTemplate":"https:\/\/protecingenieria.cl\/?s={search_term_string}"},"query-input":{"@type":"PropertyValueSpecification","valueRequired":true,"valueName":"search_term_string"}}],"inLanguage":"es"},{"@type":"Organization","@id":"https:\/\/protecingenieria.cl\/#organization","name":"Protec Ingenieria","url":"https:\/\/protecingenieria.cl\/","logo":{"@type":"ImageObject","inLanguage":"es","@id":"https:\/\/protecingenieria.cl\/#\/schema\/logo\/image\/","url":"https:\/\/protecingenieria.cl\/wp-content\/uploads\/2018\/08\/Copia-de-logo-nuevo-protec.jpg","contentUrl":"https:\/\/protecingenieria.cl\/wp-content\/uploads\/2018\/08\/Copia-de-logo-nuevo-protec.jpg","width":1867,"height":1025,"caption":"Protec Ingenieria"},"image":{"@id":"https:\/\/protecingenieria.cl\/#\/schema\/logo\/image\/"}}]}},"_links":{"self":[{"href":"https:\/\/protecingenieria.cl\/index.php\/wp-json\/wp\/v2\/pages\/3780","targetHints":{"allow":["GET"]}}],"collection":[{"href":"https:\/\/protecingenieria.cl\/index.php\/wp-json\/wp\/v2\/pages"}],"about":[{"href":"https:\/\/protecingenieria.cl\/index.php\/wp-json\/wp\/v2\/types\/page"}],"author":[{"embeddable":true,"href":"https:\/\/protecingenieria.cl\/index.php\/wp-json\/wp\/v2\/users\/4"}],"replies":[{"embeddable":true,"href":"https:\/\/protecingenieria.cl\/index.php\/wp-json\/wp\/v2\/comments?post=3780"}],"version-history":[{"count":1,"href":"https:\/\/protecingenieria.cl\/index.php\/wp-json\/wp\/v2\/pages\/3780\/revisions"}],"predecessor-version":[{"id":3781,"href":"https:\/\/protecingenieria.cl\/index.php\/wp-json\/wp\/v2\/pages\/3780\/revisions\/3781"}],"wp:attachment":[{"href":"https:\/\/protecingenieria.cl\/index.php\/wp-json\/wp\/v2\/media?parent=3780"}],"curies":[{"name":"wp","href":"https:\/\/api.w.org\/{rel}","templated":true}]}}